{"id":2,"date":"2025-12-20T10:54:06","date_gmt":"2025-12-20T09:54:06","guid":{"rendered":"https:\/\/cmcparis.net\/?page_id=2"},"modified":"2026-01-18T09:38:07","modified_gmt":"2026-01-18T08:38:07","slug":"accueil","status":"publish","type":"page","link":"https:\/\/cmcparis.net\/?page_id=2","title":{"rendered":"Histoire"},"content":{"rendered":"\n<p>Fond\u00e9 en 1948 \u00e0 l\u2019initiative de passionn\u00e9s d\u2019a\u00e9romod\u00e9lisme, le Club de Mod\u00e9lisme de Cachan s\u2019est rapidement impos\u00e9 comme une r\u00e9f\u00e9rence du vol circulaire en \u00cele-de-France. D\u00e8s les ann\u00e9es 1950, le club organise ses premi\u00e8res comp\u00e9titions locales et participe activement \u00e0 la promotion de la discipline dans la r\u00e9gion parisienne. Sa piste, alors implant\u00e9e en plein coeur de la ville, fait partie des attractions locales tous les week-end.<\/p>\n\n\n\n<p>Au fil des d\u00e9cennies, le club n\u2019a cess\u00e9 d\u2019\u00e9voluer au rythme de la cat\u00e9gorie, pla\u00e7ant ses membres r\u00e9guli\u00e8rement en \u00e9quipe de France sans discontinuer depuis les ann\u00e9es 50. Le palmar\u00e8s du club est \u00e9loquent : son histoire est jonch\u00e9 de titres en championnat de France, records de France et mondiaux, ainsi que de m\u00e9dailles et titres en championnats continentaux. <\/p>\n\n\n\n<p>Aujourd&rsquo;hui install\u00e9 sportivement au complexe des Marmousets, dont le club est \u00e0 l&rsquo;origine, le CMC b\u00e9n\u00e9ficie aujourd\u2019hui d\u2019infrastructures de haut niveau, reconnues internationalement. Il accueille chaque ann\u00e9e de nombreux licenci\u00e9s et organise des comp\u00e9titions nationales et internationales, attirant des pilotes venus du monde entier.<\/p>\n\n\n\n<p>Aujourd\u2019hui, le Club de Mod\u00e9lisme de Cachan poursuit sa mission de promotion de l\u2019a\u00e9romod\u00e9lisme, en formant de nouveaux passionn\u00e9s et en restant un acteur incontournable du vol circulaire en France. N&rsquo;h\u00e9sitez pas \u00e0 venir nous rencontrer \u00e0 l&rsquo;atelier !<\/p>\n","protected":false},"excerpt":{"rendered":"<p>Fond\u00e9 en 1948 \u00e0 l\u2019initiative de passionn\u00e9s d\u2019a\u00e9romod\u00e9lisme, le Club de Mod\u00e9lisme de Cachan s\u2019est rapidement impos\u00e9 comme une r\u00e9f\u00e9rence du vol circulaire en \u00cele-de-France. D\u00e8s les ann\u00e9es 1950, le club organise ses premi\u00e8res comp\u00e9titions locales et participe activement \u00e0 la promotion de la discipline dans la r\u00e9gion parisienne. Sa piste, alors implant\u00e9e en plein [&hellip;]<\/p>\n","protected":false},"author":1,"featured_media":0,"parent":0,"menu_order":0,"comment_status":"closed","ping_status":"closed","template":"","meta":{"footnotes":""},"class_list":["post-2","page","type-page","status-publish","hentry"],"_links":{"self":[{"href":"https:\/\/cmcparis.net\/index.php?rest_route=\/wp\/v2\/pages\/2","targetHints":{"allow":["GET"]}}],"collection":[{"href":"https:\/\/cmcparis.net\/index.php?rest_route=\/wp\/v2\/pages"}],"about":[{"href":"https:\/\/cmcparis.net\/index.php?rest_route=\/wp\/v2\/types\/page"}],"author":[{"embeddable":true,"href":"https:\/\/cmcparis.net\/index.php?rest_route=\/wp\/v2\/users\/1"}],"replies":[{"embeddable":true,"href":"https:\/\/cmcparis.net\/index.php?rest_route=%2Fwp%2Fv2%2Fcomments&post=2"}],"version-history":[{"count":4,"href":"https:\/\/cmcparis.net\/index.php?rest_route=\/wp\/v2\/pages\/2\/revisions"}],"predecessor-version":[{"id":30,"href":"https:\/\/cmcparis.net\/index.php?rest_route=\/wp\/v2\/pages\/2\/revisions\/30"}],"wp:attachment":[{"href":"https:\/\/cmcparis.net\/index.php?rest_route=%2Fwp%2Fv2%2Fmedia&parent=2"}],"curies":[{"name":"wp","href":"https:\/\/api.w.org\/{rel}","templated":true}]}}